e the remainder when 5290 is divided by 12.
10
What is the remainder when 743 is divided by 24?
23
Calculate the remainder when 8531 is divided by 15.
11
Calculate the remainder when 106 is divided by 46.
14
Calculate the remainder when 153 is divided by 23.
15
What is the remainder when 91 is divided by 60?
31
Calculate the remainder when 1396 is divided by 21.
10
Calculate the remainder when 315 is divided by 49.
21
What is the remainder when 52 is divided by 39?
13
Calculate the remainder when 591 is divided by 85.
81
What is the remainder when 4805 is divided by 178?
177
What is the remainder when 404 is divided by 130?
14
What is the remainder when 3339 is divided by 1107?
18
Calculate the remainder when 9386 is divided by 313.
309
What is the remainder when 35 is divided by 27?
8
What is the remainder when 122 is divided by 111?
11
What is the remainder when 2356 is divided by 40?
36
What is the remainder when 448 is divided by 18?
16
Calculate the remainder when 126 is divided by 54.
18
Calculate the remainder when 31 is divided by 17.
14
Calculate the remainder when 445 is divided by 90.
85
Calculate the remainder when 260 is divided by 6.
2
Calculate the remainder when 265 is divided by 38.
37
Calculate the remainder when 131 is divided by 38.
17
Calculate the remainder when 173 is divided by 21.
5
What is the remainder when 1614 is divided by 9?
3
Calculate the remainder when 2038 is divided by 40.
38
Calculate the remainder when 125 is divided by 9.
8
Calculate the remainder when 683 is divided by 42.
11
What is the remainder when 237 is divided by 60?
57
Calculate the remainder when 6076 is divided by 19.
15
What is the remainder when 1753 is divided by 175?
3
What is the remainder when 95 is divided by 38?
19
What is the remainder when 123 is divided by 31?
30
Calculate the remainder when 707 is divided by 119.
112
What is the remainder when 9496 is divided by 6?
4
What is the remainder when 457 is divided by 128?
73
Calculate the remainder when 62 is divided by 13.
10
Calculate the remainder when 3224 is divided by 38.
32
Calculate the remainder when 48 is divided by 12.
0
What is the remainder when 545 is divided by 4?
1
Calculate the remainder when 26542 is divided by 19.
18
Calculate the remainder when 1896 is divided by 269.
13
What is the remainder when 816 is divided by 21?
18
Calculate the remainder when 387 is divided by 95.
7
Calculate the remainder when 226 is divided by 45.
1
What is the remainder when 6483 is divided by 10?
3
Calculate the remainder when 145 is divided by 18.
1
Calculate the remainder when 145 is divided by 21.
19
Calculate the remainder when 239 is divided by 60.
59
What is the remainder when 1201 is divided by 48?
1
Calculate the remainder when 439 is divided by 49.
47
Calculate the remainder when 2923 is divided by 417.
4
What is the remainder when 90 is divided by 55?
35
Calculate the remainder when 223 is divided by 45.
43
What is the remainder when 306 is divided by 93?
27
Calculate the remainder when 1815 is divided by 23.
21
Calculate the remainder when 207 is divided by 42.
39
What is the remainder when 309 is divided by 20?
9
What is the remainder when 213 is divided by 46?
29
What is the remainder when 227 is divided by 37?
5
Calculate the remainder when 156 is divided by 23.
18
Calculate the remainder when 847 is divided by 85.
82
What is the remainder when 259 is divided by 69?
52
Calculate the remainder when 727 is divided by 182.
181
Calculate the remainder when 149 is divided by 19.
16
What is the remainder when 1134 is divided by 68?
46
What is the remainder when 51 is divided by 22?
7
Calculate the remainder when 1066 is divided by 532.
2
What is the remainder when 548 is divided by 92?
88
Calculate the remainder when 181 is divided by 41.
17
What is the remainder when 630 is divided by 158?
156
Calculate the remainder when 1069 is divided by 21.
19
Calculate the remainder when 32 is divided by 11.
10
Calculate the remainder when 820 is divided by 56.
36
What is the remainder when 3739 is divided by 51?
16
What is the remainder when 1131 is divided by 30?
21
What is the remainder when 21938 is divided by 10?
8
Calculate the remainder when 905 is divided by 225.
5
What is the remainder when 6290 is divided by 4?
2
What is the remainder when 154 is divided by 40?
34
What is the remainder when 165 is divided by 158?
7
Calculate the remainder when 557 is divided by 18.
17
What is the remainder when 3736 is divided by 19?
12
Calculate the remainder when 965 is divided by 168.
125
Calculate the remainder when 3692 is divided by 44.
40
Calculate the remainder when 561 is divided by 12.
9
Calculate the remainder when 2009 is divided by 74.
11
Calculate the remainder when 1248 is divided by 250.
248
Calculate the remainder when 219 is divided by 60.
39
What is the remainder when 6454 is divided by 12?
10
What is the remainder when 51 is divided by 26?
25
Calculate the remainder when 81 is divided by 62.
19
Calculate the remainder when 202 is divided by 17.
15
Calculate the remainder when 347 is divided by 32.
27
What is the remainder when 27 is divided by 14?
13
What is the remainder when 1687 is divided by 37?
22
What is the remainder when 1088 is divided by 14?
10
Calculate the remainder when 1477 is divided by 27.
19
What is the remainder when 53350 is divided by 171?
169
What is the remainder when 527 is divided by 185?
157
Calculate the remainder when 562 is divided by 113.
110
Calculate the remainder when 954 is divided by 472.
10
Calculate the remainder when 305 is divided by 114.
77
What is the remainder when 88 is divided by 18?
16
Calculate the remainder when 1942 is divided by 340.
242
What is the remainder when 219 is divided by 55?
54
What is the remainder when 21 is divided by 12?
9
Calculate the remainder when 91 is divided by 62.
29
What is the remainder when 510 is divided by 127?
2
Calculate the remainder when 121 is divided by 67.
54
What is the remainder when 286 is divided by 32?
30
Calculate the remainder when 549 is divided by 10.
9
What is the remainder when 417 is divided by 70?
67
Calculate the remainder when 106 is divided by 30.
16
Calculate the remainder when 1797 is divided by 15.
12
Calculate the remainder when 337 is divided by 2.
1
Calculate the remainder when 1597 is divided by 200.
197
Calculate the remainder when 128 is divided by 13.
11
Calculate the remainder when 2283 is divided by 566.
19
Calculate the remainder when 101 is divided by 58.
43
What is the remainder when 167 is divided by 38?
15
Calculate the remainder when 165 is divided by 95.
70
What is the remainder when 2496 is divided by 19?
7
What is the remainder when 361 is divided by 178?
5
What is the remainder when 475 is divided by 14?
13
Calculate the remainder when 358 is divided by 168.
22
Calculate the remainder when 1561 is divided by 23.
20
Calculate the remainder when 920 is divided by 64.
24
Calculate the remainder when 587 is divided by 19.
17
Calculate the remainder when 199 is divided by 34.
29
Calculate the remainder when 60 is divided by 4.
0
What is the remainder when 790 is divided by 36?
34
What is the remainder when 133 is divided by 77?
56
What is the remainder when 6422 is divided by 18?
14
Calculate the remainder when 2513 is divided by 74.
71
Calculate the remainder when 2598 is divided by 113.
112
Calculate the remainder when 183 is divided by 48.
39
What is the remainder when 745 is divided by 44?
41
Calculate the remainder when 1150 is divided by 254.
134
What is the remainder when 1347 is divided by 45?
42
Calculate the remainder when 264 is divided by 139.
125
Calculate the remainder when 127 is divided by 22.
17
What is the remainder when 508 is divided by 2?
0
What is the remainder when 38 is divided by 24?
14
Calculate the remainder when 1815 is divided by 107.
103
What is the remainder when 2840 is divided by 49?
47
Calculate the remainder when 721 is divided by 66.
61
What is the remainder when 60 is divided by 35?
25
Calculate the remainder when 1936 is divided by 160.
16
What is the remainder when 816 is divided by 27?
6
Calculate the remainder when 17 is divided by 7.
3
What is the remainder when 8026 is divided by 146?
142
Calculate the remainder when 10